 1463107169 prime?
False
Is 31597241219 prime?
True
Is 129331277 composite?
True
Is 1886290051 a composite number?
False
Is 7906528583 composite?
True
Is 297937891 composite?
True
Is 399321611 prime?
False
Is 40200119 a prime number?
False
Is 57839085943 a composite number?
True
Is 5520929 a prime number?
True
Is 151366368211 a prime number?
True
Is 810045151 composite?
False
Is 95931184967 prime?
False
Is 12864461801 prime?
False
Is 1611869591 composite?
True
Is 1405809109 prime?
True
Is 67640976899 prime?
True
Is 81366287 a prime number?
False
Is 3374691461 a composite number?
False
Is 108201022481 a composite number?
False
Is 62412071 composite?
False
Is 326156327853 prime?
False
Is 680960773 composite?
True
Is 11934214961 a composite number?
False
Is 3573703267 a prime number?
False
Is 116161039 a prime number?
True
Is 3004867429 a composite number?
False
Is 1339110239 a prime number?
True
Is 31283175431 a prime number?
True
Is 290944841 composite?
True
Is 6652786831 composite?
True
Is 2725493417 a prime number?
True
Is 3211177597 a prime number?
False
Is 3948224549 composite?
False
Is 41785416613 a composite number?
True
Is 43803497 composite?
False
Is 19065459131 a prime number?
True
Is 297647473 composite?
True
Is 354643439 a prime number?
False
Is 1754006063 prime?
True
Is 27949485185 prime?
False
Is 10500050051 a prime number?
False
Is 2733013837 composite?
False
Is 4226825927 prime?
True
Is 560600437 a composite number?
True
Is 83720167 a prime number?
True
Is 5367942959 composite?
False
Is 22328994179 a composite number?
False
Is 251997721 prime?
False
Is 7865159 a composite number?
False
Is 38289528463 prime?
False
Is 591035659 a prime number?
True
Is 1098566947 composite?
True
Is 468012203 prime?
False
Is 1554020687 prime?
True
Is 3378383821 composite?
False
Is 121591700369 a composite number?
False
Is 1490592857 prime?
False
Is 24741757 a prime number?
True
Is 1447381415 composite?
True
Is 78451810727 a composite number?
True
Is 4610728033 a composite number?
False
Is 11413689059 prime?
True
Is 3972278351 prime?
True
Is 1931091257 a composite number?
True
Is 124992963211 a composite number?
False
Is 2820105089 prime?
False
Is 9483733949 a prime number?
True
Is 2562024719 a prime number?
True
Is 8646806963 composite?
False
Is 63295729999 composite?
False
Is 3207543373 a prime number?
True
Is 114225106153 prime?
True
Is 306340547 a composite number?
False
Is 1405757519 a prime number?
False
Is 247971149 prime?
False
Is 81527895629 a composite number?
True
Is 201951637 a composite number?
False
Is 47738653 composite?
True
Is 4819232839 prime?
True
Is 3838801261 a prime number?
True
Is 5722991 a prime number?
True
Is 2938755047 composite?
False
Is 672950909 prime?
True
Is 60160073021 a composite number?
False
Is 326694965 a prime number?
False
Is 33667501 a prime number?
False
Is 1824833921 prime?
False
Is 39955682885 a composite number?
True
Is 9344804611 a prime number?
True
Is 6549376991 prime?
True
Is 1581056597 a composite number?
True
Is 3191805277 composite?
False
Is 17660224151 a prime number?
True
Is 445532089 a composite number?
True
Is 774456367 a prime number?
True
Is 9800859557 prime?
True
Is 505712033 prime?
False
Is 714094013 a composite number?
True
Is 5904920629 prime?
True
Is 600469582 a composite number?
True
Is 138296518237 a prime number?
True
Is 561155797 composite?
False
Is 95107035217 composite?
False
Is 422494763 a prime number?
False
Is 14512411462 composite?
True
Is 36370547 a prime number?
True
Is 2280275743 composite?
False
Is 318341623 composite?
False
Is 9773646187 composite?
False
Is 2621762119 a composite number?
False
Is 454954957 a composite number?
True
Is 1095705601 prime?
True
Is 218801173 prime?
True
Is 12030484951 prime?
True
Is 1104299857 composite?
False
Is 47823365413 a prime number?
False
Is 29163617017 prime?
False
Is 345663893 a composite number?
True
Is 1673407817 a composite number?
False
Is 70996764001 a composite number?
True
Is 461300023 prime?
False
Is 3402814859 composite?
False
Is 182703623 a composite number?
False
Is 79907193701 composite?
True
Is 251946407 a composite number?
False
Is 4504644058 a composite number?
True
Is 10293954841 a composite number?
False
Is 3298443509 a prime number?
True
Is 80466969497 a composite number?
True
Is 2925244407 prime?
False
Is 5500321 composite?
False
Is 1018917367 a composite number?
True
Is 16911439343 a composite number?
True
Is 15837769289 a composite number?
False
Is 610419809 composite?
False
Is 12932636861 composite?
False
Is 5156114581 a composite number?
False
Is 427678187 a prime number?
True
Is 4024647707 a prime number?
False
Is 2143087399 a composite number?
True
Is 4647835847 a composite number?
False
Is 2137665038 prime?
False
Is 510698029 a composite number?
False
Is 510847399 prime?
False
Is 187809551 prime?
True
Is 159295007 prime?
True
Is 12208682459 prime?
True
Is 171194069 prime?
False
Is 2186305633 a prime number?
False
Is 35530133917 composite?
False
Is 5569076803 composite?
False
Is 379336571 a prime number?
True
Is 2473594727 a composite number?
True
Is 669294533 a composite number?
False
Is 1875340331 a prime number?
False
Is 2724698287 a prime number?
False
Is 20097785821 a prime number?
True
Is 20707400939 prime?
True
Is 314980676635 composite?
True
Is 2672990641 composite?
False
Is 6716779603 a composite number?
True
Is 13695393727 composite?
False
Is 106157289027 a prime number?
False
Is 213986833 composite?
True
Is 829707989 a composite number?
True
Is 3794591389 a composite number?
True
Is 5268201181 a composite number?
False
Is 1018660169 a composite number?
False
Is 97043322829 a composite number?
False
Is 12589309267 prime?
True
Is 175427669 prime?
False
Is 137001257 a prime number?
True
Is 2693450371 composite?
True
Is 40333956389 a prime number?
False
Is 173824601 a prime number?
True
Is 2235057911 a composite number?
False
Is 409626109 a composite number?
True
Is 11611758793 composite?
False
Is 6426522979 a prime number?
True
Is 94203701 prime?
True
Is 3070687 a prime number?
False
Is 1129348849 composite?
True
Is 2733188917 a prime number?
False
Is 12090341377 prime?
True
Is 24062746343 prime?
True
Is 1493601229 composite?
True
Is 1855764719 a prime number?
True
Is 146007371 a prime number?
True
Is 107593573 prime?
False
Is 102380579023 prime?
True
Is 759438231 prime?
False
Is 51144764353 a composite number?
True
Is 668569961 a prime number?
True
Is 21796774039 a prime number?
True
Is 19917885979 a composite number?
True
Is 1050048353 composite?
False
Is 7297900549 prime?
False
Is 713214779 a prime number?
True
Is 200296249 a composite number?
True
Is 50196599603 a composite number?
True
Is 1545764309 a prime number?
False
Is 963440159 composite?
True
Is 9610241221 prime?
False
Is 429457381 a prime number?
True
Is 6303349123 a composite number?
True
Is 23203815683 composite?
True
Is 644954613 a composite number?
True
Is 644543633 composite?
True
Is 3245228773 a composite number?
False
Is 6531738877 composite?
False
Is 61749444091 composite?
True
Is 3825948193 composite?
False
Is 840627259 composite?
True
Is 108759999893 a composite number?
False
Is 14422412503 prime?
False
Is 34736716141 a composite number?
False
Is 104609453701 a prime number?
False
Is 148150909 a composite number?
True
Is 1171715431 a prime number?
True
Is 30521993 composite?
False
Is 67114646201 a composite number?
True
Is 5716371473 a composite number?
True
Is 191410901 a composite number?
True
Is 21634547501 prime?
False
Is 114779953969 a composite number?
False
Is 243657143 composite?
True
Is 6032454439 a composite number?
True
Is 1160514193 a composite number?
False
Is 43715114 a prime number?
False
Is 1017514601 prime?
True
Is 531940613 a prime number?
False
Is 101781690203 a prime number?
False
Is 181318763 a prime number?
False
Is 11024870947 a prime number?
True
Is 45324997241 a composite number?
False
Is 11070760543 a prime number?
False
Is 603642263 a composite number?
True
Is 179948177 prime?
True
Is 284530523 composite?
True
Is 7845043901 prime?
True
Is 654224203 a composite number?
False
Is 16184350111 a composite number?
True
Is 2784387563 a prime number?
True
Is 9333630821 a prime number?
True
Is 533635261 a prime